{"id":737,"date":"2020-10-20T09:59:30","date_gmt":"2020-10-20T09:59:30","guid":{"rendered":"http:\/\/ejha-halozat.hu\/?page_id=737"},"modified":"2023-01-27T01:23:36","modified_gmt":"2023-01-27T01:23:36","slug":"tudastar","status":"publish","type":"page","link":"http:\/\/ejha-halozat.hu\/index.php\/tudastar\/","title":{"rendered":"K\u00f6nyvt\u00e1r"},"content":{"rendered":"\n<p><strong>Az EJHA feladat\u00e1nak tekinti, hogy \u00f6sszegy\u0171jtse az interneten el\u00e9rhet\u0151, emberi jogi nevel\u00e9s foglalkoz\u00f3 m\u00f3dszertani k\u00e9zik\u00f6nyveket, oktat\u00e1si seg\u00e9danyagokat, kutat\u00e1sokat, szakmai \u00e1ll\u00e1sfoglal\u00e1sokat, ezzel is t\u00e1mogatva a tan\u00e1rok, k\u00e9pz\u0151k, emberi jogi nevel\u00e9ssel foglalkoz\u00f3 m\u00e1s szakemberek munk\u00e1j\u00e1t.<\/strong><\/p>\n\n\n\n<p><strong>K\u00f6nyvt\u00e1r<\/strong> Magyar \u00e9s angol nyelv\u0171 k\u00e9zik\u00f6nyvek, seg\u00e9danyagok gy\u0171jtem\u00e9nye<br><a href=\"https:\/\/drive.google.com\/drive\/mobile\/folders\/15v-TXPvHLVXydKFAI58W55uFuPp0wemy?usp=sharing\" target=\"_blank\" rel=\"noreferrer noopener\">KATT IDE &gt;&gt;<\/a><\/p>\n\n\n\n<p>Minden tov\u00e1bbi anyag el\u00e9rhet\u0151<a href=\"https:\/\/drive.google.com\/drive\/u\/5\/folders\/1A72oSC8tg6DK029vX4rjw5Ln5tsmn6Ha\" target=\"_blank\" rel=\"noreferrer noopener\"> IDE KATTINTVA >><\/a><\/p>\n","protected":false},"excerpt":{"rendered":"<p>Az EJHA feladat\u00e1nak tekinti, hogy \u00f6sszegy\u0171jtse az interneten el\u00e9rhet\u0151, emberi jogi nevel\u00e9s foglalkoz\u00f3 m\u00f3dszertani k\u00e9zik\u00f6nyveket, oktat\u00e1si seg\u00e9danyagokat, kutat\u00e1sokat, szakmai \u00e1ll\u00e1sfoglal\u00e1sokat,<\/p>\n","protected":false},"author":3,"featured_media":0,"parent":0,"menu_order":0,"comment_status":"closed","ping_status":"closed","template":"","meta":[],"_links":{"self":[{"href":"http:\/\/ejha-halozat.hu\/index.php\/wp-json\/wp\/v2\/pages\/737"}],"collection":[{"href":"http:\/\/ejha-halozat.hu\/index.php\/wp-json\/wp\/v2\/pages"}],"about":[{"href":"http:\/\/ejha-halozat.hu\/index.php\/wp-json\/wp\/v2\/types\/page"}],"author":[{"embeddable":true,"href":"http:\/\/ejha-halozat.hu\/index.php\/wp-json\/wp\/v2\/users\/3"}],"replies":[{"embeddable":true,"href":"http:\/\/ejha-halozat.hu\/index.php\/wp-json\/wp\/v2\/comments?post=737"}],"version-history":[{"count":6,"href":"http:\/\/ejha-halozat.hu\/index.php\/wp-json\/wp\/v2\/pages\/737\/revisions"}],"predecessor-version":[{"id":1081,"href":"http:\/\/ejha-halozat.hu\/index.php\/wp-json\/wp\/v2\/pages\/737\/revisions\/1081"}],"wp:attachment":[{"href":"http:\/\/ejha-halozat.hu\/index.php\/wp-json\/wp\/v2\/media?parent=737"}],"curies":[{"name":"wp","href":"https:\/\/api.w.org\/{rel}","templated":true}]}}