{"id":771,"date":"2021-08-16T11:14:17","date_gmt":"2021-08-16T11:14:17","guid":{"rendered":"http:\/\/ejha-halozat.hu\/?page_id=771"},"modified":"2021-08-16T11:14:18","modified_gmt":"2021-08-16T11:14:18","slug":"kepzesek","status":"publish","type":"page","link":"http:\/\/ejha-halozat.hu\/index.php\/kepzesek\/","title":{"rendered":"K\u00e9pz\u00e9sek"},"content":{"rendered":"\n<p>Az EJHA legfrissebb akkredit\u00e1lt \u00e9s nem akkredit\u00e1lt tov\u00e1bbk\u00e9pz\u00e9sei<\/p>\n","protected":false},"excerpt":{"rendered":"<p>Az EJHA legfrissebb akkredit\u00e1lt \u00e9s nem akkredit\u00e1lt tov\u00e1bbk\u00e9pz\u00e9sei<\/p>\n","protected":false},"author":3,"featured_media":524,"parent":0,"menu_order":0,"comment_status":"closed","ping_status":"closed","template":"","meta":[],"_links":{"self":[{"href":"http:\/\/ejha-halozat.hu\/index.php\/wp-json\/wp\/v2\/pages\/771"}],"collection":[{"href":"http:\/\/ejha-halozat.hu\/index.php\/wp-json\/wp\/v2\/pages"}],"about":[{"href":"http:\/\/ejha-halozat.hu\/index.php\/wp-json\/wp\/v2\/types\/page"}],"author":[{"embeddable":true,"href":"http:\/\/ejha-halozat.hu\/index.php\/wp-json\/wp\/v2\/users\/3"}],"replies":[{"embeddable":true,"href":"http:\/\/ejha-halozat.hu\/index.php\/wp-json\/wp\/v2\/comments?post=771"}],"version-history":[{"count":1,"href":"http:\/\/ejha-halozat.hu\/index.php\/wp-json\/wp\/v2\/pages\/771\/revisions"}],"predecessor-version":[{"id":773,"href":"http:\/\/ejha-halozat.hu\/index.php\/wp-json\/wp\/v2\/pages\/771\/revisions\/773"}],"wp:featuredmedia":[{"embeddable":true,"href":"http:\/\/ejha-halozat.hu\/index.php\/wp-json\/wp\/v2\/media\/524"}],"wp:attachment":[{"href":"http:\/\/ejha-halozat.hu\/index.php\/wp-json\/wp\/v2\/media?parent=771"}],"curies":[{"name":"wp","href":"https:\/\/api.w.org\/{rel}","templated":true}]}}